reatest common divisor of 14 and 8?
2
Calculate the greatest common divisor of 837 and 31.
31
What is the highest common divisor of 58 and 464?
58
Calculate the greatest common divisor of 74 and 9102.
74
What is the highest common factor of 11 and 13453?
11
What is the highest common divisor of 308 and 84?
28
What is the greatest common divisor of 561 and 143?
11
What is the greatest common divisor of 352 and 64?
32
What is the highest common factor of 1 and 733?
1
What is the greatest common divisor of 578 and 2006?
34
Calculate the greatest common factor of 428 and 642.
214
What is the highest common divisor of 122 and 793?
61
What is the highest common factor of 22 and 5753?
11
What is the greatest common factor of 120 and 45?
15
Calculate the highest common divisor of 110 and 1155.
55
What is the greatest common divisor of 3999 and 186?
93
What is the greatest common divisor of 9 and 2?
1
Calculate the highest common factor of 2100 and 2436.
84
Calculate the highest common factor of 2595 and 30.
15
Calculate the greatest common factor of 165 and 3615.
15
Calculate the greatest common divisor of 202 and 2.
2
What is the greatest common divisor of 77 and 14?
7
Calculate the greatest common factor of 9 and 18.
9
What is the highest common factor of 688 and 43?
43
What is the greatest common divisor of 51 and 3009?
51
What is the greatest common divisor of 3 and 96?
3
What is the greatest common divisor of 58 and 464?
58
What is the highest common factor of 8 and 660?
4
What is the highest common factor of 46896 and 144?
48
What is the highest common divisor of 145 and 203?
29
What is the greatest common factor of 3050 and 10?
10
Calculate the greatest common factor of 38 and 912.
38
Calculate the highest common factor of 64 and 344.
8
Calculate the greatest common divisor of 2124 and 576.
36
Calculate the highest common divisor of 40 and 440.
40
Calculate the greatest common factor of 184 and 16.
8
Calculate the highest common divisor of 119 and 7.
7
Calculate the highest common factor of 45 and 4455.
45
What is the greatest common factor of 147 and 3?
3
Calculate the highest common factor of 5986 and 41.
41
Calculate the greatest common factor of 38 and 31274.
38
What is the greatest common divisor of 874 and 23?
23
Calculate the greatest common divisor of 36 and 8604.
36
Calculate the greatest common divisor of 42 and 105.
21
What is the greatest common factor of 784 and 49?
49
Calculate the greatest common factor of 448 and 24.
8
Calculate the greatest common divisor of 5400 and 5.
5
What is the highest common factor of 60 and 42?
6
What is the greatest common divisor of 494 and 78?
26
Calculate the greatest common factor of 44 and 176.
44
Calculate the greatest common divisor of 126 and 486.
18
Calculate the greatest common factor of 3283 and 49.
49
Calculate the highest common factor of 18 and 42.
6
What is the greatest common factor of 2610 and 29?
29
What is the highest common divisor of 6 and 16?
2
What is the greatest common divisor of 123 and 25953?
123
What is the greatest common factor of 87 and 261?
87
Calculate the greatest common factor of 24 and 498.
6
Calculate the highest common divisor of 187 and 176.
11
Calculate the greatest common divisor of 52 and 390.
26
Calculate the greatest common divisor of 2394 and 38.
38
What is the greatest common factor of 2775 and 525?
75
Calculate the highest common factor of 64 and 320.
64
What is the highest common divisor of 308 and 2816?
44
Calculate the greatest common divisor of 23 and 437.
23
What is the highest common divisor of 10 and 2295?
5
What is the highest common factor of 35 and 280?
35
What is the greatest common divisor of 28 and 266?
14
What is the highest common factor of 2937 and 33?
33
Calculate the highest common divisor of 1495 and 65.
65
Calculate the greatest common factor of 1 and 73.
1
What is the highest common divisor of 59 and 14219?
59
Calculate the highest common factor of 29 and 725.
29
What is the highest common factor of 224 and 21?
7
Calculate the greatest common factor of 140 and 56.
28
Calculate the highest common factor of 176 and 1616.
16
What is the greatest common divisor of 45 and 4248?
9
Calculate the highest common divisor of 1029 and 9.
3
What is the greatest common divisor of 18 and 171?
9
Calculate the greatest common divisor of 5933 and 17.
17
What is the greatest common factor of 8853 and 78?
39
Calculate the greatest common factor of 9 and 243.
9
Calculate the greatest common factor of 65 and 95940.
65
Calculate the greatest common divisor of 2312 and 64.
8
Calculate the greatest common factor of 36 and 24.
12
What is the greatest common divisor of 123 and 34071?
123
Calculate the highest common divisor of 4387 and 107.
107
What is the greatest common divisor of 54 and 198?
18
What is the greatest common factor of 20 and 6590?
10
Calculate the highest common divisor of 9658 and 99.
11
Calculate the highest common factor of 256 and 40.
8
Calculate the highest common divisor of 96 and 2208.
96
Calculate the greatest common divisor of 19277 and 37.
37
Calculate the highest common factor of 21 and 483.
21
Calculate the highest common divisor of 6534 and 36.
18
Calculate the greatest common divisor of 252 and 72.
36
What is the highest common divisor of 675 and 459?
27
Calculate the highest common divisor of 22320 and 30.
30
What is the highest common divisor of 176 and 14608?
176
What is the highest common divisor of 9 and 1197?
9
Calculate the highest common divisor of 300 and 48.
12
Calculate the greatest common divisor of 49 and 58506.
49
What is the greatest common factor of 31588 and 212?
212
Calculate the greatest common factor of 2792 and 8.
8
Calculate the greatest common divisor of 434 and 31.
31
Calculate the highest common divisor of 78 and 195.
39
What is the greatest common divisor of 165 and 22?
11
What is the greatest common factor of 149 and 15?
1
What is the greatest common factor of 2310 and 56?
14
What is the greatest common divisor of 62 and 155?
31
What is the highest common divisor of 24 and 9204?
12
What is the greatest common factor of 54 and 42?
6
Calculate the highest common divisor of 14 and 3766.
14
What is the highest common factor of 156 and 143?
13
What is the greatest common divisor of 3 and 321?
3
What is the highest common divisor of 24 and 678?
6
What is the highest common divisor of 387 and 9?
9
What is the greatest common factor of 85 and 70?
5
What is the greatest common factor of 6370 and 1078?
98
What is the greatest common factor of 9 and 13329?
9
Calculate the greatest common factor of 119 and 3587.
17
What is the greatest common divisor of 2646 and 2156?
98
Calculate the greatest common divisor of 61 and 61.
61
Calculate the greatest common divisor of 33 and 30.
3
What is the highest common divisor of 736 and 64?
32
What is the highest common divisor of 22 and 10219?
11
What is the greatest common divisor of 5 and 365?
5
What is the greatest common divisor of 330 and 154?
22
What is the highest common factor of 14 and 413?
7
Calculate the highest common factor of 840 and 700.
140
What is the greatest common divisor of 22 and 2266?
22
What is the greatest common divisor of 66 and 33?
33
Calculate the greatest common factor of 187 and 22.
11
Calculate the highest common divisor of 361 and 76.
19
What is the greatest common factor of 64 and 560?
16
What is the highest common factor of 45 and 279?
9
What is the highest common factor of 18 and 42?
6
What is the greatest common divisor of 45 and 30?
15
Calculate the highest common factor of 84 and 1728.
12
Calculate the greatest common divisor of 1 and 113.
1
Calculate the greatest common factor of 7 and 157.
1
Calculate the highest common factor of 140 and 28.
28
Calculate the greatest common divisor of 2523 and 9.
3
Calculate the highest common divisor of 5459 and 159.
53
Calculate the greatest common factor of 18 and 114.
6
What is the greatest common factor of 46 and 506?
46
Calculate the greatest common factor of 446 and 10.
2
What is the greatest common factor of 329 and 752?
47
What is the highest common divisor of 2200 and 176?
88
Calculate the greatest common divisor of 231 and 2233.
77
What is the highest common factor of 327 and 12?
3
Calculat